{"id":305,"date":"2025-05-07T20:26:52","date_gmt":"2025-05-07T20:26:52","guid":{"rendered":"https:\/\/jordtondesign.se\/?page_id=305"},"modified":"2025-09-02T06:33:20","modified_gmt":"2025-09-02T06:33:20","slug":"305-2","status":"publish","type":"page","link":"https:\/\/jordtondesign.se\/index.php\/305-2\/","title":{"rendered":"Galleri"},"content":{"rendered":"\n<h2 class=\"wp-block-heading has-text-align-center\">Jordtons Galleri<\/h2>\n\n\n\n<p class=\"has-text-align-center\">V\u00e4lkommen till v\u00e5rt galleri!<br>H\u00e4r l\u00e4gger vi upp bilder p\u00e5 det vi skapar, det vi vill minnas och annat vi vill dela med oss av.<\/p>\n\n\n\n<figure class=\"wp-block-gallery has-nested-images columns-default is-cropped wp-block-gallery-1 is-layout-flex wp-block-gallery-is-layout-flex\">\n<figure class=\"wp-block-image size-large\"><img loading=\"lazy\" decoding=\"async\" width=\"768\" height=\"1024\" data-id=\"307\" src=\"https:\/\/jordtondesign.se\/wp-content\/uploads\/2025\/05\/1000024523-768x1024.jpg\" alt=\"V\u00e5giga keramiska fat\" class=\"wp-image-307\" srcset=\"https:\/\/jordtondesign.se\/wp-content\/uploads\/2025\/05\/1000024523-768x1024.jpg 768w, https:\/\/jordtondesign.se\/wp-content\/uploads\/2025\/05\/1000024523-225x300.jpg 225w, https:\/\/jordtondesign.se\/wp-content\/uploads\/2025\/05\/1000024523-1152x1536.jpg 1152w, https:\/\/jordtondesign.se\/wp-content\/uploads\/2025\/05\/1000024523.jpg 1440w\" sizes=\"auto, (max-width: 768px) 100vw, 768px\" \/><\/figure>\n\n\n\n<figure class=\"wp-block-image size-large\"><img loading=\"lazy\" decoding=\"async\" width=\"768\" height=\"1024\" data-id=\"308\" src=\"https:\/\/jordtondesign.se\/wp-content\/uploads\/2025\/05\/1000024525-768x1024.jpg\" alt=\"Handgjord keramik, sticklingsvaser och ljusfat.\" class=\"wp-image-308\" srcset=\"https:\/\/jordtondesign.se\/wp-content\/uploads\/2025\/05\/1000024525-768x1024.jpg 768w, https:\/\/jordtondesign.se\/wp-content\/uploads\/2025\/05\/1000024525-225x300.jpg 225w, https:\/\/jordtondesign.se\/wp-content\/uploads\/2025\/05\/1000024525-1152x1536.jpg 1152w, https:\/\/jordtondesign.se\/wp-content\/uploads\/2025\/05\/1000024525.jpg 1440w\" sizes=\"auto, (max-width: 768px) 100vw, 768px\" \/><\/figure>\n\n\n\n<figure class=\"wp-block-image size-large\"><img loading=\"lazy\" decoding=\"async\" width=\"768\" height=\"1024\" data-id=\"306\" src=\"https:\/\/jordtondesign.se\/wp-content\/uploads\/2025\/05\/1000024527-768x1024.jpg\" alt=\"Handgjort ljusfat\" class=\"wp-image-306\" srcset=\"https:\/\/jordtondesign.se\/wp-content\/uploads\/2025\/05\/1000024527-768x1024.jpg 768w, https:\/\/jordtondesign.se\/wp-content\/uploads\/2025\/05\/1000024527-225x300.jpg 225w, https:\/\/jordtondesign.se\/wp-content\/uploads\/2025\/05\/1000024527-1152x1536.jpg 1152w, https:\/\/jordtondesign.se\/wp-content\/uploads\/2025\/05\/1000024527.jpg 1440w\" sizes=\"auto, (max-width: 768px) 100vw, 768px\" \/><\/figure>\n\n\n\n<figure class=\"wp-block-image size-large\"><img loading=\"lazy\" decoding=\"async\" width=\"768\" height=\"1024\" data-id=\"314\" src=\"https:\/\/jordtondesign.se\/wp-content\/uploads\/2025\/05\/image0-768x1024.jpeg\" alt=\"\" class=\"wp-image-314\" srcset=\"https:\/\/jordtondesign.se\/wp-content\/uploads\/2025\/05\/image0-768x1024.jpeg 768w, https:\/\/jordtondesign.se\/wp-content\/uploads\/2025\/05\/image0-225x300.jpeg 225w, https:\/\/jordtondesign.se\/wp-content\/uploads\/2025\/05\/image0-1152x1536.jpeg 1152w, https:\/\/jordtondesign.se\/wp-content\/uploads\/2025\/05\/image0.jpeg 1440w\" sizes=\"auto, (max-width: 768px) 100vw, 768px\" \/><\/figure>\n\n\n\n<figure class=\"wp-block-image size-large\"><img loading=\"lazy\" decoding=\"async\" width=\"768\" height=\"1024\" data-id=\"315\" src=\"https:\/\/jordtondesign.se\/wp-content\/uploads\/2025\/05\/image1-768x1024.jpeg\" alt=\"Handgjort djupt fat med delvis vit glasyr och delvis oglaserad\" class=\"wp-image-315\" srcset=\"https:\/\/jordtondesign.se\/wp-content\/uploads\/2025\/05\/image1-768x1024.jpeg 768w, https:\/\/jordtondesign.se\/wp-content\/uploads\/2025\/05\/image1-225x300.jpeg 225w, https:\/\/jordtondesign.se\/wp-content\/uploads\/2025\/05\/image1-1152x1536.jpeg 1152w, https:\/\/jordtondesign.se\/wp-content\/uploads\/2025\/05\/image1.jpeg 1440w\" sizes=\"auto, (max-width: 768px) 100vw, 768px\" \/><\/figure>\n\n\n\n<figure class=\"wp-block-image size-large\"><img loading=\"lazy\" decoding=\"async\" width=\"768\" height=\"1024\" data-id=\"316\" src=\"https:\/\/jordtondesign.se\/wp-content\/uploads\/2025\/05\/IMG_9833-768x1024.jpg\" alt=\"\" class=\"wp-image-316\" srcset=\"https:\/\/jordtondesign.se\/wp-content\/uploads\/2025\/05\/IMG_9833-768x1024.jpg 768w, https:\/\/jordtondesign.se\/wp-content\/uploads\/2025\/05\/IMG_9833-225x300.jpg 225w, https:\/\/jordtondesign.se\/wp-content\/uploads\/2025\/05\/IMG_9833-1152x1536.jpg 1152w, https:\/\/jordtondesign.se\/wp-content\/uploads\/2025\/05\/IMG_9833.jpg 1440w\" sizes=\"auto, (max-width: 768px) 100vw, 768px\" \/><\/figure>\n\n\n\n<figure class=\"wp-block-image size-large\"><img loading=\"lazy\" decoding=\"async\" width=\"768\" height=\"1024\" data-id=\"383\" src=\"https:\/\/jordtondesign.se\/wp-content\/uploads\/2025\/09\/0caa9633-0087-437d-ae43-f4f831775d63-768x1024.jpg\" alt=\"\" class=\"wp-image-383\" srcset=\"https:\/\/jordtondesign.se\/wp-content\/uploads\/2025\/09\/0caa9633-0087-437d-ae43-f4f831775d63-768x1024.jpg 768w, https:\/\/jordtondesign.se\/wp-content\/uploads\/2025\/09\/0caa9633-0087-437d-ae43-f4f831775d63-225x300.jpg 225w, https:\/\/jordtondesign.se\/wp-content\/uploads\/2025\/09\/0caa9633-0087-437d-ae43-f4f831775d63-1152x1536.jpg 1152w, https:\/\/jordtondesign.se\/wp-content\/uploads\/2025\/09\/0caa9633-0087-437d-ae43-f4f831775d63.jpg 1536w\" sizes=\"auto, (max-width: 768px) 100vw, 768px\" \/><\/figure>\n\n\n\n<figure class=\"wp-block-image size-large\"><img loading=\"lazy\" decoding=\"async\" width=\"768\" height=\"1024\" data-id=\"382\" src=\"https:\/\/jordtondesign.se\/wp-content\/uploads\/2025\/09\/b9bb6f08-0e9a-499d-b9f0-4d6247bcae5a-768x1024.jpg\" alt=\"\" class=\"wp-image-382\" srcset=\"https:\/\/jordtondesign.se\/wp-content\/uploads\/2025\/09\/b9bb6f08-0e9a-499d-b9f0-4d6247bcae5a-768x1024.jpg 768w, https:\/\/jordtondesign.se\/wp-content\/uploads\/2025\/09\/b9bb6f08-0e9a-499d-b9f0-4d6247bcae5a-225x300.jpg 225w, https:\/\/jordtondesign.se\/wp-content\/uploads\/2025\/09\/b9bb6f08-0e9a-499d-b9f0-4d6247bcae5a-1152x1536.jpg 1152w, https:\/\/jordtondesign.se\/wp-content\/uploads\/2025\/09\/b9bb6f08-0e9a-499d-b9f0-4d6247bcae5a.jpg 1536w\" sizes=\"auto, (max-width: 768px) 100vw, 768px\" \/><\/figure>\n<\/figure>\n","protected":false},"excerpt":{"rendered":"<p>Jordtons Galleri V\u00e4lkommen till v\u00e5rt galleri!H\u00e4r l\u00e4gger vi upp bilder p\u00e5 det vi skapar, det vi vill minnas och annat vi vill dela med oss av.<\/p>\n","protected":false},"author":3,"featured_media":0,"parent":0,"menu_order":0,"comment_status":"closed","ping_status":"closed","template":"","meta":{"footnotes":""},"class_list":["post-305","page","type-page","status-publish","hentry"],"_links":{"self":[{"href":"https:\/\/jordtondesign.se\/index.php\/wp-json\/wp\/v2\/pages\/305","targetHints":{"allow":["GET"]}}],"collection":[{"href":"https:\/\/jordtondesign.se\/index.php\/wp-json\/wp\/v2\/pages"}],"about":[{"href":"https:\/\/jordtondesign.se\/index.php\/wp-json\/wp\/v2\/types\/page"}],"author":[{"embeddable":true,"href":"https:\/\/jordtondesign.se\/index.php\/wp-json\/wp\/v2\/users\/3"}],"replies":[{"embeddable":true,"href":"https:\/\/jordtondesign.se\/index.php\/wp-json\/wp\/v2\/comments?post=305"}],"version-history":[{"count":8,"href":"https:\/\/jordtondesign.se\/index.php\/wp-json\/wp\/v2\/pages\/305\/revisions"}],"predecessor-version":[{"id":384,"href":"https:\/\/jordtondesign.se\/index.php\/wp-json\/wp\/v2\/pages\/305\/revisions\/384"}],"wp:attachment":[{"href":"https:\/\/jordtondesign.se\/index.php\/wp-json\/wp\/v2\/media?parent=305"}],"curies":[{"name":"wp","href":"https:\/\/api.w.org\/{rel}","templated":true}]}}